3*f**2 - 2 + 5*f**2. What is y(-1)?
-4
Let o(n) = 2*n - n**3 + n**2 - 6*n**2 + 2*n**2 - 5. Let v be o(-4). Let s(m) = m**2 - 5*m - 1. Calculate s(v).
-7
Let g(a) be the first derivative of -1/2*a**3 - a**2 - 2*a - 1. Let r(c) be the first derivative of g(c). Calculate r(2).
-8
Let u(t) = -5*t - t**2 - 1 + 13 - 7. Give u(-4).
9
Suppose -5*z - 3*o = -0*o + 11, 4*o = -8. Let p(w) = -w**3 + w**2. What is p(z)?
2
Let h be 50/13 + 10/65. Let t(i) = -i**3 + 4*i**2 + 3*i - 6. Calculate t(h).
6
Let s(r) be the second derivative of -7*r**4/6 + r**3/6 - 17*r. Give s(1).
-13
Let d(w) be the third derivative of 0*w**5 - 1/12*w**4 - w**2 + 0 - 1/144*w**6 + 0*w + 0*w**3. Let x(j) be the second derivative of d(j). What is x(-1)?
5
Let c(t) = 3*t + t**2 + 0*t - 8*t + 9 - 3*t. Suppose -2*p = -2*f + 16, 4 - 32 = -5*f - p. Give c(f).
-3
Let r(o) = 18*o - 9*o - 8*o - 4 + 6*o**2. Let c(v) = -7*v**2 - v + 4. Let s(x) = 5*c(x) + 6*r(x). What is s(-3)?
2
Let z(u) = u**2 + 6*u + 5. Suppose 19 + 5 = -4*o. Give z(o).
5
Let g(u) = u**2 + 8*u + 8. Let c be g(-7). Let h(r) = -11*r**3 - 2*r**2 + r. Determine h(c).
-12
Suppose 2*y - 11 = -3. Let l(k) = -k**3 + 6*k**2 - 7*k + 5. Calculate l(y).
9
Suppose 20 = -5*m + 3*v + 70, -3*v = -2*m + 29. Suppose 0 = 5*b - 3 - m. Let t(j) = 1 - 5 + 1 + j + j**b. What is t(-3)?
3
Let y(x) = 11*x - 1. Let j = -5 + 2. Let m(b) = -11*b + 1. Let h(s) = j*m(s) - 4*y(s). What is h(1)?
-10
Let a(n) be the third derivative of -n**6/120 + n**5/10 + 5*n**4/24 - n**3/3 + 6*n**2. What is a(7)?
-16
Suppose 0 = u - 2*u - 2. Let v be (3/u)/(3/(-2)). Let x(g) = -6*g**2 + g. Give x(v).
-5
Let o(m) = 2*m**2 + m + 4. Let t(w) = -4*w**2 - 3*w - 8. Let n(i) = -2*i + 13. Let f be n(0). Let l(d) = f*o(d) + 6*t(d). What is l(3)?
7
Let a(x) = x - 13. Let v be a(17). Let r(q) = -2*q + 3. Calculate r(v).
-5
Suppose -65 = -5*a + 2*z, -5*a - 5*z = -136 + 36. Suppose -2*v = 5*w - 31, -v = 3*w + 2*v - a. Let b(k) = -k**2 + 6*k + 7. Calculate b(w).
0
Let a(p) = -p**2 - 6*p + 11. Let f(i) = i**3 - 8. Let z be f(0). Determine a(z).
-5
Let k(u) be the first derivative of 3*u**2/2 - 2*u + 9. Give k(-8).
-26
Let q(x) = x**2 - 7*x + 6. Let s(g) = -g - 1. Suppose n - 7 = -d, 5*d - 11 = -0*d + 3*n. Let b be s(d). Let f = b - -9. Give q(f).
-6
Let p(o) = -4*o**3 - 10*o**2 - o + 8. Let d(q) = -3*q**3 - 10*q**2 - q + 8. Let l(g) = -5*d(g) + 4*p(g). What is l(10)?
2
Suppose -3*x = -4*x + 2. Let c(w) be the first derivative of w**3/3 - 4*w - 2. Let s(r) be the first derivative of c(r). Determine s(x).
4
Let r(h) = -11*h**3 - 30*h**2 - 22*h - 3. Let p(u) = 4*u**3 + 10*u**2 + 7*u + 1. Let m(g) = -8*p(g) - 3*r(g). What is m(-9)?
-8
Let z(d) = -5*d**2 + 12*d - 29. Let i(t) = -3*t**2 + 8*t - 19. Let q(s) = -8*i(s) + 5*z(s). What is q(-6)?
-5
Suppose -6 = 3*u - 5*p + 26, 5*u + 2*p + 12 = 0. Let v be u*(3 + (-13)/4). Let a(z) = -7*z**3 - 2*z + 1. Calculate a(v).
-8
Let l(i) = -4*i + 10*i + 4 + 2 - i**2. Let r be l(7). Let f(s) = 2*s**2 + 2*s + 3. Let w(z) = -8*z**2 - 8*z - 13. Let d(g) = 9*f(g) + 2*w(g). Determine d(r).
1
Let m be (-9)/7 + 1 + 98/343. Let s(d) = d**2 + d + 3. Determine s(m).
3
Let i(p) = -11*p - 27. Let k(b) = 7*b + 18. Let j(r) = 5*i(r) + 8*k(r). Suppose -4*w - 12 = 4. Determine j(w).
5
Let z be (-16)/20*10/4. Let q(b) = -5*b - 1. Calculate q(z).
9
Suppose 4*a - a = 0. Let k(b) = 4*b - 5*b + b - b + 4. Calculate k(a).
4
Let d(z) = -4*z**2 - 2. Let x(h) = 2*h**2 + 1. Let i(j) = -3*d(j) - 5*x(j). Suppose 4*l - 33 + 9 = 0. Let t = -7 + l. Calculate i(t).
3
Let u(q) be the second derivative of q**5/20 - q**4/2 + q**3/3 - 3*q**2 + 17*q. Calculate u(6).
6
Let i = 86 - 83. Let r(f) = -f**2 + 5*f - 3. Give r(i).
3
Let o(n) = 1 - 2*n**2 + n**2 + 2*n**2 + n + 15*n**3. Determine o(-1).
-14
Let d(r) = -r + 1. Let f(y) = -3*y + 3. Let j = 7 - 3. Let z be f(j). Let s(p) = -p**3 - 10*p**2 - 8*p + 11. Let x be s(z). Determine d(x).
-1
Let q(i) = -7*i**2 + i. Suppose z + 2 = -4*d, -5*d - z + 3*z = 9. Determine q(d).
-8
Suppose 0 = 2*c + 3*y + 1, -6*c + 5*y = -2*c - 9. Let s be 0*c*3/6. Let a(x) = x**2 + 7. Determine a(s).
7
Let r(d) = 3*d - 3. Let c be r(2). Let p(k) = -k + 2. Determine p(c).
-1
Let q(k) = k + 14. Let f = 63 + -70. Determine q(f).
7
Suppose -16 = -t - 3*t. Let r = t - -3. Let y(a) = -r - a + 0*a + 9. What is y(4)?
-2
Let x(n) = n**2 - 6*n + 9. Let h be x(4). Suppose -y - h = -5*l - 13, 0 = -3*l - 9. Let b(o) = 1. Let s(d) = 2*d + 3. Let w(c) = -3*b(c) + s(c). What is w(y)?
-6
Let l(d) = -d**3 + 5*d**2 - 2*d + 6. Let a be l(4). Suppose -m - m + 8 = -r, r + a = 4*m. Let h(t) = 2*t**2 + 2*t - 2. Give h(r).
2
Let f be (-1*9/6)/((-15)/20). Let y(d) = -d + 3. Calculate y(f).
1
Let c = -26 + 31. Let f(h) = h**2 + 87*h - 84*h + 1 + c. What is f(-4)?
10
Let o(b) = -b - 1. Let u(d) = -9*d - 3. Let k be 3 - 5*(-4)/(-10). Let l(f) = k*u(f) - 2*o(f). Give l(-1).
6
Let w be -1 - 4 - 3*-1. Let h be (-24)/(6/(-2)) - w. Suppose 0 = 2*m - h + 4. Let n(j) = -j + 2. Calculate n(m).
-1
Suppose 2 = 3*w - 16. Suppose 2*n = 4*n - w. Let b(y) = 0*y**3 + y**3 - 4*y + 4 - 1 - n*y**2. Calculate b(4).
3
Let b(f) = -3*f**3 + 15*f**2 - f - 5. Let m(v) = 2*v**3 - 10*v**2 + v + 3. Let o(p) = 5*b(p) + 7*m(p). Determine o(5).
6
Let d(a) be the first derivative of 2 + 1/6*a**3 - 1/24*a**4 + a**2 + 0*a. Let j(y) be the second derivative of d(y). What is j(4)?
-3
Let f(p) = -p - 6. Let t(c) = -c - 5. Let y(i) = -3*f(i) + 4*t(i). What is y(-2)?
0
Let q(f) = -f**3 - 11*f**2 - 3*f - 6. Let t(w) = w**3 + 10*w**2 + 3*w + 5. Let n(l) = 4*q(l) + 5*t(l). Let c = -132 - -130. Calculate n(c).
11
Suppose 10 = -m - 13. Let y be 8/(-28) + m/(-7). Let r(i) = i**3 - 2*i**2 - i + 2. Calculate r(y).
8
Let z(w) = w**2 + w - 1. Let y(x) = x**2 - 1. Let n(h) = -2*y(h) + z(h). What is n(3)?
-5
Let o = -1 + 2. Let s(d) = 26*d**2 - 13*d + 11. Let x(c) = 13*c**2 - 6*c + 5. Let i(n) = 4*s(n) - 9*x(n). Give i(o).
-12
Let q(p) be the first derivative of p**2 + 2*p - 9. Determine q(-3).
-4
Let v be 10*(4 - (-9)/(-2)). Let i(y) = -y**2 - 2*y + 5. Calculate i(v).
-10
Let y be 57/(2 + 1) - 4. Suppose 6*n = 3*n - y. Let w(u) = 3 + 1 + 0 - u. Determine w(n).
9
Let u(b) = -b**2 + 7*b + 1. Let q be u(6). Let d(k) = -1 + 2*k - k**2 - 2*k - 4 + q*k. What is d(5)?
5
Let c(k) = -7*k + 7. Let s(l) = 6*l - 6. Let j(u) = 5*c(u) + 6*s(u). Calculate j(-6).
-7
Let l(s) = s + 1. Let m(c) = c**3 - 5*c**2 - 11*c - 3. Let u(r) = -4*l(r) - m(r). Suppose 0 = -a - 5, -4*t + 4*a = 2*a - 34. Calculate u(t).
5
Let y(j) = j**2 + 4*j + 1 - 3*j + j. Calculate y(-3).
4
Let d(r) be the first derivative of -r**4/4 - 4*r**3/3 + 2*r**2 + 4*r - 23. What is d(-3)?
-17
Let d(s) = -s**2 + 5*s + 7. Let b = 2 - -4. Give d(b).
1
Let y(m) = 7*m + 4. Let a(b) = -8*b - 5. Let g be ((-6)/9)/(1/9). Let i(u) = g*a(u) - 7*y(u). Determine i(2).
0
Let w(h) be the second derivative of -h**3/2 - 2*h**2 + 9*h. What is w(-5)?
11
Let v(g) = 7*g**2 - 5. Let t(z) = -20*z**2 - z + 14. Let s(n) = 6*t(n) + 17*v(n). Let m = -9 + 3. Calculate s(m).
-1
Let q(s) = -s**3 - s**2. Let r(c) = -2*c**3 + 2*c**2 + 5*c + 5. Suppose 0 = 8*g - 4*g + 12. Let l(f) = g*q(f) + r(f). What is l(-4)?
1
Let p(r) = -3*r**2 - 2*r - 1. Let m be p(1). Let z(j) = -j**3 - 5*j**2 + 5*j + 3. Calculate z(m).
9
Let z = 5 - 2. Let f(n) = -3*n. Determine f(z).
-9
Let h(c) be the second derivative of 0 + c - 2/3*c**3 + 3/2*c**2 + 1/6*c**4. Suppose -2*r = -4*r - 2, 0 = -5*o + 2*r + 12. Determine h(o).
3
Let b = 8 - 6. Suppose -b*w = -0*w. Let m(f) = f**2 - 5. Determine m(w).
-5
Let j(p) = -11*p - 23. Let r = 19 + -16. Let w(i) = 4*i + 8. Let t(o) = r*j(o) + 8*w(o). Let v(z) = z - 1. Let a be v(1). Give t(a).
-5
Let m = -2 - -1. Let h = m + -1. Let c(g) = -g**3 - g**2 - g - 2. Let w be c(h). Let k(b) = -b**3 + 3*b**2 + 7*b - 5. Give k(w).
7
Let f(i) be the second derivative of 5*i**3/6 - i**2 + 9*i. Determine f(2).
8
Let y(d) be the third derivative of 5*d**4/24 + 2*d**3/3 + 3*d**2. Let q(n) = -4*n - 4. Let x(h) = 6*q(h) + 5*y(h). Give x(5).
1
Suppose -11*r - 36 = -14. Let u(c) = c**2 - c. What is u(r)?
6
Let n be (-1 - 4)*(-8)/20. Suppose -3*i + 3 = n*q, -5*q + 3*i - 8*i + 15 = 0. Let b(v) = v**3 - 6*v**2 - v + 2. Give b(q).
-4
Suppose -5*k + 9*k = 0. Let i(w) = w**2 + w + 1. Give i(k).
1
Let u(h) be the third derivative of h**